4*2. What is the units digit of 52/39 + s/6?
2
Let n(g) = -g**3 - 4*g**2 + 13*g + 10. Let k be n(-6). Suppose 2*y - 1082 = -4*j, -k*j + 1057 = 6*y - 9*y. What is the units digit of j?
8
Suppose -2*g - 15*g + 4420 = 0. What is the units digit of g?
0
Suppose 5*w = -3*i + 168487, -28*w - 4*i + 430999 = -512413. What is the hundreds digit of w?
6
Suppose -b = u + 1, -3*u - 7 = 4*b + 2*u. Suppose b*w - 2*m + 24 = -5*m, w = -4*m - 17. What is the tens digit of ((-104)/6)/(3/w)?
5
Let k(g) = 2*g**2 - 20*g. Let d be k(10). Suppose 24*x + 18*x - 23604 = d. What is the hundreds digit of x?
5
Suppose -29 - 16 = -3*p. Let c be -3*p*4/36. What is the units digit of 218 + (c - -7 - -1)?
1
Let d = 51 - 47. Suppose d*y = 8*y. Suppose -2*x - 6*x + 112 = y. What is the units digit of x?
4
Suppose -2*q = 7*q. Suppose q = 2*c - b - b - 108, -111 = -2*c + 5*b. What is the tens digit of c?
5
Suppose 3*c = -4*t + 277, -2*c + 5*c + 5*t = 278. Let u = 172 - c. What is the units digit of u?
1
Suppose 5*c + 2*i + 606 - 110 = 0, 4*c + 396 = -2*i. Let z = 484 + c. What is the tens digit of z?
8
Let m be (8*(3 - 6))/((-9)/114). Let s(q) = q**2 - 2*q - 3. Let i be s(4). Suppose -i*y - m = -9*y. What is the units digit of y?
6
Suppose c - 64*m + 62*m - 819 = 0, c - 795 = -2*m. What is the hundreds digit of c?
8
Let a = 552 - 73. Suppose 8*m - 114 = -74. Suppose -2*v - u = -191 - 126, -m*u = 3*v - a. What is the hundreds digit of v?
1
Suppose -25922 = -t - 3*s, 0 = 6*t - 3*s - 25448 - 130126. What is the thousands digit of t?
5
Let o be 0 + (-14)/105 + (-4)/(-30). Let l(a) = a**3 + 1. Let q be l(o). Let c(x) = 85*x - 1. What is the tens digit of c(q)?
8
Let x(m) = -12*m + 48. Let g be (-5)/((-35)/(-28)) + 6. What is the tens digit of x(g)?
2
What is the ten thousands digit of (-312968)/(-9) + (238 - 228 - (-92)/(-9))?
3
Let y(t) = t**3 - 4*t**2 - 24*t + 18. Let x be y(7). What is the thousands digit of x + 1 + (1597 - -18)?
1
What is the thousands digit of (14697/54*141 - 7) + 1/(-2)?
8
Suppose 6 = j + 3, -5*r = 5*j - 25. Suppose r*l + 0*g + 15 = -3*g, l - 3*g - 6 = 0. What is the units digit of l + (10 - 4) + -2 - -214?
5
Let m be (6 + (-270)/4)*184/(-4). Let w = m - 1853. What is the tens digit of w?
7
Let o(w) = -w - 153*w**2 - 95*w**3 + 587*w**3 - w + 81*w**2 + 73*w**2. What is the units digit of o(1)?
1
Let w = -22 + 40. Let l = w - 18. Suppose -2*b + 34 + 6 = l. What is the tens digit of b?
2
Let m = 53151 - 21201. What is the units digit of m?
0
Let a(p) be the third derivative of 67*p**5/12 - 5*p**4/24 + 7*p**3/6 + 246*p**2. What is the units digit of a(2)?
7
Suppose 2*h = -2*x - 6, 8*h + 7 = 5*h - x. What is the hundreds digit of 2462/7 + h/(-7)?
3
Suppose w - 7239 - 6976 = 0. What is the units digit of w?
5
Let q be 4 + (-63)/(-9) + -3. Suppose -q*f + 4712 = -7824. What is the thousands digit of f?
1
What is the hundreds digit of 54/(-675) + 69381/75?
9
Let f = 7252 + -4111. What is the tens digit of f?
4
Let b = 68 - 54. Suppose 13 = 9*k - b. What is the units digit of (k*1/3)/((-4)/(-364))?
1
Suppose -t - 3*t = -4*d - 24, 4*t - 18 = d. Suppose -t*z + 374 = 7*z. Let x = 137 - z. What is the hundreds digit of x?
1
Let h = -2693 + 3931. Suppose -17*k = -4100 - h. What is the tens digit of k?
1
Let o = 1994 - 863. What is the thousands digit of o?
1
Let x(a) = 578*a + 3. Suppose 4*j + 20 = 4*v + 8, 4*j - 5*v + 16 = 0. What is the tens digit of x(j)?
8
Let n(y) = -50*y**3 - 3*y**2 - 4*y - 1. Let b = 89 - 90. What is the units digit of n(b)?
0
Suppose 323*x - 326*x + 9558 = 0. What is the thousands digit of x?
3
Suppose 11399 = 3*i - 20236. What is the units digit of i?
5
Let p = -162 + 425. Suppose 2*q - 254 = -4*w, -5*q = -5*w + 9*w - p. What is the units digit of w?
2
Let p = 35996 - 20834. What is the units digit of p?
2
Suppose 4*o - 22 = -3*i - 5, -i = -3*o + 3. Suppose i*a + l - 2749 = 0, 4193 + 382 = 5*a + 5*l. What is the units digit of a?
7
Let x = -843 - -1096. Suppose 5*c - 5*p + 785 = 0, 7*c - 2*c + 3*p = -777. Let a = c + x. What is the units digit of a?
7
Let c = 40 + -90. Let u = -48 - c. Suppose 3*z = -u*z + 1335. What is the units digit of z?
7
Let f(k) = 559*k**3 + 2*k**2 + 5*k - 2. Let z(c) = 1119*c**3 + 4*c**2 + 11*c - 4. Let u(y) = -13*f(y) + 6*z(y). What is the units digit of u(-1)?
2
Let t = 13 - 8. Let m(l) = -l + 1. Let h(p) = 13*p - 16. Let c(b) = h(b) + 3*m(b). What is the tens digit of c(t)?
3
Let p be -1 + 5 + (2 - 1). Suppose 0 = 4*m - p - 3. Suppose -379 = -3*s - 3*q + 386, m*q + 996 = 4*s. What is the tens digit of s?
5
Let i = 13938 + -5802. Suppose 132*n - i = 126*n. What is the hundreds digit of n?
3
Let j(o) = -2*o**3 - 23*o**2 - 9*o + 33. Let l be j(-11). Suppose 3*i = 12, 469 = z + l*i - 6*i. What is the tens digit of z?
4
Let x(n) = 96*n + 3. Let k = 6 - 3. Let o be x(k). Suppose 1726 = 7*z + o. What is the tens digit of z?
0
Suppose -225869 = -123*j + 184336. What is the tens digit of j?
3
Suppose -7*n - 137*n - 40*n + 2663584 = 0. What is the hundreds digit of n?
4
Suppose 0 = -7*d + 3*d. Suppose -21*f - 5*u + 68 = -23*f, -184 = 4*f + 2*u. What is the tens digit of (d - 1 - f) + 0?
4
Let o = -1626 - -14106. What is the ten thousands digit of o?
1
Let n = 122015 - 80904. What is the hundreds digit of n?
1
What is the ten thousands digit of (1243/(-33) - (-2)/3)*(-480 + -5)?
1
Let n = 1125 + -1125. Suppose -3*h - 17 = -4*q, 3*q - 2*q = 5*h. Suppose o - 3 = -6, -5*j + q*o + 325 = n. What is the tens digit of j?
6
Suppose -11*j = 40 - 40. Suppose j = -4*n - 4*g + 5828, 1454 = n + 7*g - 3*g. What is the thousands digit of n?
1
Suppose 5 = -a, m - 3*m = 2*a. Suppose 0 = -5*n - 5*x + 15, -x = -2*n + 2*x + 16. Suppose m*r + 4*c = 577, -5*r - n*c + 354 = -226. What is the tens digit of r?
1
What is the units digit of (-150)/(-300)*(-36972)/(-2)?
3
What is the units digit of 19064 - 20/8*-16*(-9)/(-45)?
2
Suppose -1943*g + 1945*g - 77548 = 0. What is the thousands digit of g?
8
Suppose 14*i + 31*i = 160650. What is the tens digit of i?
7
Let h be (3/5 - -2) + (-10)/(-25). Suppose 20 = -14*u + 10*u, -2*q - h*u = -1661. What is the hundreds digit of q?
8
Suppose -3*f = q - 29, 1 = 2*f + 9. Suppose 0 = -37*w + q*w - 132. What is the tens digit of w?
3
Suppose 0 = -3*g - 3*s - 12, g - 16 = -3*g + 4*s. Suppose -5*u = 2*k - 774 - 840, g = 2*k - 5*u - 1594. What is the units digit of k?
2
Let i be ((-70)/(-10))/(2/(-10)). Let j = 40 - i. What is the units digit of j?
5
Let h(p) = p - 3. Let m be h(0). Let a be -28 - (m + 3 + -2). Let g = a + 41. What is the units digit of g?
5
Suppose -218115 = -48*t + 129453. What is the units digit of t?
1
Let r(h) = 14*h**2 - 2*h - 1. Let j = -10 + 35. Let c be ((-20)/j)/((-2)/5). What is the units digit of r(c)?
1
Suppose 3*i = z + 1300, -55*z - 1759 = -4*i - 50*z. What is the hundreds digit of i?
4
Let x = 123 - 54. Let w = x + -60. Suppose r - w = 45. What is the units digit of r?
4
Let y(x) = -11*x + 206. Let k(u) = -u**3 + 16*u**2 - 18*u + 11. Let j be k(15). What is the units digit of y(j)?
0
Let q(o) = -o**2 + 127. Let k be q(0). Suppose 4*p = k + 97. Suppose -7*s - p = -154. What is the units digit of s?
4
Suppose 2055 = w - 2655. What is the hundreds digit of w?
7
Let l(v) = -v**3 + 15*v**2 + 17*v + 22. Let s be l(16). Let o = -17 + s. Suppose o*b = 18*b + 213. What is the tens digit of b?
7
Suppose 2*z - 188 = -178. Suppose -3*d + 1670 = p, -z*p + 10*d - 13*d = -8374. What is the hundreds digit of p?
6
Let j(k) = -4*k + 10. Let g be j(0). Suppose -3*w = -2*a + 636, -3*a - 14*w = -g*w - 954. What is the tens digit of a?
1
Let f = 177 - 147. What is the tens digit of f/(-20)*(-492)/9?
8
Let l(w) be the third derivative of w**6/120 + 7*w**5/60 + w**4/2 + 5*w**3/3 + 18*w**2. Let v be l(-4). What is the hundreds digit of (285/v)/(-3)*-18?
1
Let p(o) = 12*o**3 - 8*o**2 + 7 - 16*o - 1 + 3 - 13*o**3. Let g be p(-7). Suppose -12*r + g = -8*r. What is the tens digit of r?
1
Let g(k) = 44*k**2 + 49*k - 1229. What is the tens digit of g(-34)?
6
Let d(j) = 62*j + 253 + 34*j + 135*j. What is the thousands digit of d(4)?
1
Let g(n) = -3*n**2 - 390*n - 42. What is the thousands digit of g(-21)?
6
Suppose 61947 = 5*n + u, 74326 = 5*n + 2*u + 12382. What is the tens digit of n?
9
Let o(m) = 5961*m**2 - 29*m - 5